 is 6221 (base 8) in base 2?
110010010001
What is 16549 (base 13) in base 5?
2331044
-779 (base 15) to base 3
-2022120
9c2 (base 16) to base 4
213002
Convert 1038 (base 9) to base 13.
46a
Convert -374 (base 10) to base 9.
-455
-10000110111100 (base 2) to base 13
-3c14
What is 811 (base 12) in base 9?
1534
Convert 543 (base 6) to base 9.
250
-2622 (base 7) to base 5
-12441
49b (base 12) to base 13
416
What is -320023 (base 4) in base 12?
-20b7
Convert 10211212 (base 3) to base 7.
11114
-20213 (base 5) to base 6
-10020
-a814 (base 14) to base 11
-1a898
What is 2720 (base 11) in base 16?
dcb
What is 305233 (base 6) in base 4?
11332311
-2003 (base 7) to base 5
-10224
Convert -7b8a (base 15) to base 4.
-12121312
Convert -849 (base 11) to base 5.
-13041
What is 180c (base 13) in base 15?
10c6
Convert 339b (base 12) to base 14.
2139
-3c7 (base 15) to base 4
-31132
-520113 (base 6) to base 3
-2002221200
2000 (base 4) to base 13
9b
-1219 (base 10) to base 5
-14334
What is -1388 (base 10) in base 2?
-10101101100
-12111 (base 5) to base 12
-636
What is 1917 (base 13) in base 11?
2899
216 (base 14) to base 13
259
-240204 (base 5) to base 14
-32cc
Convert -122 (base 4) to base 6.
-42
Convert 33116 (base 11) to base 13.
18b46
c552 (base 16) to base 6
1025510
1313201 (base 4) to base 2
1110111100001
Convert 46855 (base 11) to base 7.
401010
-1054 (base 13) to base 8
-4332
-b74 (base 15) to base 8
-5030
Convert 4286 (base 13) to base 7.
35633
What is -4133 (base 7) in base 5?
-21240
What is 34b (base 15) in base 10?
746
What is -122 (base 8) in base 7?
-145
What is -30021023 (base 4) in base 13?
-19841
Convert 963 (base 12) to base 8.
2533
9400 (base 11) to base 9
18077
Convert -20d (base 14) to base 16.
-195
What is 3cf (base 16) in base 9?
1303
-15304 (base 11) to base 12
-10653
-35523 (base 6) to base 10
-5163
What is -20432 (base 5) in base 3?
-1212122
Convert 4331231 (base 5) to base 11.
5060a
-317 (base 8) to base 2
-11001111
-111001 (base 4) to base 15
-5ea
Convert -d81 (base 14) to base 8.
-5145
Convert 1dda (base 14) to base 9.
7463
53777 (base 8) to base 12
11053
What is -1330 (base 5) in base 8?
-327
What is 4303 (base 6) in base 13?
5a0
What is -2337 (base 9) in base 11?
-1338
-44 (base 12) to base 16
-34
Convert 231 (base 14) to base 5.
3220
Convert d64 (base 15) to base 2.
101111001011
-312311 (base 4) to base 7
-13142
-1565 (base 16) to base 9
-7455
Convert -23724 (base 10) to base 12.
-11890
What is -23a (base 13) in base 2?
-110000011
What is a02 (base 11) in base 9?
1586
What is 15352 (base 6) in base 15?
b2b
Convert a725 (base 15) to base 10.
35360
Convert -194 (base 13) to base 16.
-122
21 (base 13) to base 8
33
Convert -1612 (base 13) to base 12.
-1a4a
-30111 (base 4) to base 6
-3353
-185 (base 16) to base 5
-3024
11010110010110 (base 2) to base 7
54665
-52262 (base 7) to base 4
-3020201
Convert 3303 (base 4) to base 10.
243
What is -10020220000 (base 3) in base 10?
-64071
What is -11111000 (base 2) in base 8?
-370
Convert 12689 (base 10) to base 2.
11000110010001
Convert 3ea (base 15) to base 11.
744
What is -1264 (base 9) in base 7?
-2524
-1374 (base 13) to base 8
-5357
What is -111111100110011 (base 2) in base 9?
-48601
What is -2468 (base 11) in base 8?
-6224
Convert 312 (base 10) to base 14.
184
2300130 (base 4) to base 11
8536
What is 130042 (base 5) in base 3?
20220000
21222010 (base 3) to base 14
218c
Convert 235 (base 6) to base 11.
87
Convert -10011010011 (base 2) to base 3.
-1200202
1100011010011001 (base 2) to base 14
14757
What is -2053 (base 6) in base 11?
-393
What is -111101 (base 3) in base 6?
-1401
13641 (base 9) to base 11
6a69
-93bc (base 14) to base 4
-12031222
What is -1b62 (base 12) in base 14?
-133c
Convert -143771 (base 8) to base 2.
-1100011111111001
-3893 (base 11) to base 7
-20522
Convert -10111101 (base 2) to base 7.
-360
Convert 111122 (base 5) to base 10.
3912
Convert -8ef (base 16) to base 5.
-33122
What is 14411 (base 6) in base 15?
a41
Convert 2210 (base 5) to base 14.
17b
Convert 9a96 (base 16) to base 4.
21222112
12110 (base 4) to base 7
1115
Convert c67 (base 15) to base 16.
aed
4647 (base 12) to base 14
2bd5
What is 265 (base 7) in base 10?
145
-333105 (base 6) to base 5
-1343110
Convert 7542 (base 9) to base 2.
1010110101010
What is -4a0 (base 15) in base 14?
-550
3eab (base 15) to base 12
7938
Convert -1313210 (base 4) to base 14.
-2b08
What is 16d (base 16) in base 5?
2430
What is 249 (base 12) in base 8?
531
Convert 1328 (base 12) to base 2.
100010010000
Convert -122102 (base 3) to base 16.
-1d6
What is -4616 (base 7) in base 15?
-76e
What is 110001001000 (base 2) in base 13?
157b
What is 294 (base 10) in base 16?
126
-461 (base 11) to base 10
-551
2001103 (base 4) to base 8
20123
-121a2 (base 11) to base 16
-4480
7881 (base 11) to base 10
10374
9045 (base 11) to base 2
10111011111100
What is 5820 (base 9) in base 11?
326a
Convert 222114 (base 6) to base 15.
57b7
Convert 221 (base 11) to base 16.
109
Convert -110001001100100 (base 2) to base 7.
-133302
12538 (base 9) to base 2
10000100001011
What is -100223 (base 4) in base 2?
-10000101011
Convert 11040 (base 6) to base 5.
22121
7312 (base 8) to base 13
1953
-2171 (base 10) to base 4
-201323
What is 211204 (base 6) in base 11?
11972
9e1 (base 15) to base 13
1030
736 (base 13) to base 10
1228
218 (base 9) to base 3
20122
100111000000 (base 2) to base 16
9c0
What is -31 (base 6) in base 2?
-10011
What is -11124 (base 5) in base 15?
-379
-200000 (base 3) to base 6
-2130
What is -1223321 (base 4) in base 6?
-51545
Convert 503 (base 9) to base 15.
1c3
Convert -1120001 (base 4) to base 13.
-2744
Convert -652 (base 12) to base 5.
-12201
What is 1030133 (base 5) in base 16?
4487
What is 2410 (base 6) in base 3?
210120
3719 (base 10) to base 12
219b
What is -19d (base 14) in base 7?
-656
Convert -a2b4 (base 13) to base 15.
-69c0
What is -17bf (base 16) in base 10?
-6079
Convert -2001 (base 12) to base 15.
-1057
What is -966b (base 16) in base 2?
-1001011001101011
What is 323 (base 5) in base 4?
1120
What is -1021021 (base 3) in base 10?
-925
Convert 1515 (base 11) to base 8.
3640
Convert 5531 (base 11) to base 8.
16176
Convert 1384 (base 10) to base 14.
70c
39e (base 15) to base 16
338
Convert -49a (base 11) to base 9.
-728
What is -1540 (base 8) in base 10?
-864
174 (base 13) to base 10
264
What is -321 (base 6) in base 7?
-232
What is -12311 (base 4) in base 11?
-368
What is 2100444 (base 5) in base 12?
17b6b
What is 10456 (base 8) in base 3?
20000220
Convert 41ca (base 13) to base 9.
13456
11670 (base 10) to base 12
6906
What is -7b87 (base 12) in base 16?
-35d7
6066 (base 8) to base 10
3126
What is 34061 (base 8) in base 13?
6717
Convert -211 (base 11) to base 3.
-100102
Convert 46d8 (base 14) to base 5.
343332
Convert -102008 (base 9) to base 7.
-341300
Convert -10011001000 (base 2) to base 10.
-1224
What is -6952 (base 10) in base 13?
-321a
What is 5066 (base 10) in base 8?
11712
Convert -10010111111011 (base 2) to base 5.
-302343
9b0a (base 14) to base 2
110100011101110
Convert -104100 (base 7) to base 9.
-27003
Convert 93 (base 16) to base 4.
2103
What is 102002 (base 3) in base 10?
299
What is 1111001100 (base 2) in base 12?
690
What is 7323 (base 16) in base 4?
13030203
-221023 (base 4) to base 5
-41020
11210 (base 3) to base 14
93
-2200222 (base 3) to base 15
-8b5
What is 2477 (base 8) in base 14?
6bd
Convert b6b (base 12) to base 14.
871
2227 (base 9) to base 2
11001101101
What is 24464 (base 7) in base 3?
22210122
Convert -29ab (base 14) to base 13.
-34a6
-201 (base 9) to base 16
-a3
-2321 (base 5) to base 12
-240
Convert 1d2 (base 16) to base 3.
122021
What is -1320 (base 15) in base 14?
-16b6
Convert -734 (base 13) to base 11.
-a15
111211 (base 3) to base 12
271
1c (base 15) to base 14
1d
Convert -386 (base 13) to base 12.
-435
Convert -179b (base 14) to base 12.
-2565
What is -112 (base 8) in base 7?
-134
Convert b2 (base 12) to base 2.
10000110
3e25 (base 16) to base 8
37045
Convert -381 (base 13) to base 16.
-264
33a9 (base 11) to base 7
16022
Convert 51868 (base 10) to base 4.
30222130
7652 (base 10) to base 9
11442
Convert -37b (base 13) to base 15.
-2a9
127 (base 12) to base 4
2233
Convert -3c2 (base 16) to base 11.
-7a5
100201001